 q.
84
Let m(c) = 6*c**2 + 2*c - 3. Let i be m(-3). Suppose 20*u + 26 = 22*u. Suppose u*y - 15*y = -36. What is the highest common factor of y and i?
9
Let r = 189 - 170. Calculate the greatest common divisor of r and 1387.
19
Let y(n) be the first derivative of n**3/3 - n**2/2 + 15*n + 49. Let z be y(6). What is the greatest common factor of z and 18?
9
Let f be (2/3)/(12/54). Suppose 5*s = -4*l - 2, -s + 7 = -2*s - f*l. Let t = -28 - -30. What is the greatest common divisor of t and s?
2
Suppose 5*h + 0*h = -20, 3*d - 14 = -h. Let v be (0 - 3)*(-118)/d. Calculate the greatest common divisor of 531 and v.
59
Suppose -2124 = -134*w + 11544. What is the highest common factor of w and 210?
6
Let f be (-1244)/(11/(22/4)). Let a = f - -669. What is the highest common factor of a and 1081?
47
Let u(y) = 2*y**3 - 32*y**2 + 8*y - 118. Let b be u(16). Suppose 9 = 4*w - 55. Let r = w - 6. Calculate the highest common divisor of b and r.
10
Let r be ((-5244)/10)/((-236)/1180). Calculate the greatest common divisor of 138 and r.
138
Let u = -11 + 16. Suppose -1604 = 5114*g - 5095*g - 5119. What is the greatest common divisor of u and g?
5
Let z(p) = -5*p**3 - 4*p**2 - 42*p - 8. Let r be z(-6). What is the highest common divisor of 13275 and r?
295
Let s(d) = d**3 + d**2 + 7*d - 29. Let n be s(3). Let a = n - -447. Calculate the highest common divisor of a and 25.
25
Let s be (-10)/(26/(-12) - -2). Let a(y) = 621*y + 8113. Let p be a(-13). Calculate the greatest common divisor of p and s.
20
Let i = -249 - -229. Let d be (i/(-6))/(-10)*4*-12. Let z be 3 + ((-9)/(-3) - 2). What is the greatest common divisor of d and z?
4
Let i = -9 + 14. Suppose 4*y - 21 = l, -i*y + 21 = 2*l - 2. Let v be (-7 + 292/28)/(l/(-7)). Calculate the greatest common factor of 8 and v.
8
Let c be (-2 - -2) + -3 - 7. Let z be c/(-3)*(-48)/(-10). Suppose 35*u - 937 - 1749 = 2354. Calculate the greatest common factor of u and z.
16
Suppose 0 = -c - 10*y + 5*y + 126, 2*c - 3*y - 252 = 0. Suppose -11*m + 116 = -c. What is the highest common factor of 88 and m?
22
Let c(n) = 3*n**3 + 23*n**2 + 4. Let m be c(2). Calculate the highest common factor of 72 and m.
24
Suppose 5*j - u = 14797, -2*u + 6720 = 3*j - 2179. What is the highest common factor of j and 2303?
329
Let t = 14 - 10. Suppose 3*a = -2*s + 38, s - t*a - 57 = -2*s. Let m = -2271 - -2518. Calculate the highest common factor of s and m.
19
Suppose -24 = 3*a - 7*a. Suppose 4*z - 10 = 9*z. Let s be (-30)/(-5) + (-2 - z). Calculate the greatest common divisor of a and s.
6
Let q be 6/10*(-320)/(-48) + -734. Let g = q + 742. Calculate the greatest common divisor of 228 and g.
12
Suppose 15*g - 780 = 13*g. Let u(n) = n**2 - 31*n - 40. Let o be u(33). Calculate the highest common factor of o and g.
26
Let g = 173 - 98. Let c be (-432)/(-24)*((-12)/(-9))/(-2)*-10. What is the greatest common divisor of g and c?
15
Suppose 3822 = 35*b - 9*b. Suppose -b*l + 161*l - 168 = 0. What is the greatest common factor of 48 and l?
12
Suppose -99*g + 19435 = -44717. What is the highest common factor of g and 8?
8
Let k be -4*(-9)/180*-10 - -1286. What is the greatest common divisor of 24 and k?
12
Suppose -v - 12 = 21. Let d = -16 - v. What is the highest common divisor of d and 85?
17
Suppose 0 = -5*n + 82 + 523. Let o(z) = -10*z**2 - 910*z - 889. Let y be o(-90). Calculate the greatest common factor of y and n.
11
Suppose 2*q - 18 - 12 = -o, -q + 65 = 3*o. Let c = -40 - -50. What is the highest common factor of c and o?
10
Let w be (2100/8)/3 - (1 + 35/(-14)). Calculate the greatest common divisor of 8544 and w.
89
Let x = -23329 - -23445. Calculate the greatest common factor of x and 6815.
29
Let u(w) = 40*w + 7*w**2 + 3 - 47*w + 1. Let g be u(4). Let q = -16 + g. Calculate the greatest common factor of q and 24.
24
Let x(i) = 13*i**2 - 25*i. Let k be x(4). Let n be (k/24)/((-3)/(-8)). Calculate the greatest common divisor of n and 4.
4
Let v(a) = -6*a**2 - 136*a - 34. Let m be v(-21). Calculate the greatest common factor of m and 242.
22
Let t(s) = -15*s**3 - 58*s**2 - 5*s - 6. Let l be t(-4). Calculate the greatest common divisor of 5842 and l.
46
Suppose -v - 54 = -38. Let j be (-446)/v + (-12)/(-96). Calculate the greatest common factor of 8 and j.
4
Let y(w) = w**2 - 195*w + 1146. Let f be y(6). What is the highest common divisor of 951 and f?
3
Let w(u) = u**3 - 16*u**2 - 18*u + 16. Let d be w(17). Let k be (-5)/(-15)*d*-51. Suppose 6*a = 5*a + 187. Calculate the greatest common factor of k and a.
17
Let j = 293 - 288. Suppose 6174 = j*g - t, 6*t = 2*g + 3*t - 2467. Calculate the highest common divisor of g and 65.
65
Suppose -310606 + 94842 = -334*f. What is the highest common divisor of 3553 and f?
323
Let b(z) = -74*z + 193. Let w be b(-4). Calculate the highest common factor of w and 326.
163
Let v be (-24)/180 + (4028/30)/2. Let w = -66 + v. Suppose -2*d - d + 27 = 0. Calculate the greatest common divisor of w and d.
1
Let h be (10 - 0) + (3 + -7 - -1146). What is the greatest common divisor of 306 and h?
18
Let n = -758 + 786. Suppose -4*u + 3*z - 4 = -n, 4*z + 16 = 0. Calculate the greatest common divisor of 96 and u.
3
Let w(c) = -c**2 + 8*c - 2. Let i(t) = -6*t**2 + 40*t - 9. Let a(u) = 2*i(u) - 11*w(u). Let x be a(-8). Calculate the highest common divisor of x and 32.
4
Let c be (-28)/(-18) - (-2402)/18. What is the highest common divisor of 33 and c?
3
Let d = 5721 + -5697. Let i be (0 + -2)/(-2) + 311. What is the highest common divisor of d and i?
24
Let d = -934 - -975. Calculate the greatest common divisor of 6 and d.
1
Suppose 3*z - 128 = 7*z. Let d = 34 + z. Suppose 3*p - 120 = -0*a + d*a, 0 = p + 2*a - 48. Calculate the greatest common divisor of 14 and p.
14
Let r be (-9)/(1 - (-1)/(-4)). Let a be -4 + (2/(-8) - 2702/(-56)). Let x be (a/r)/(2*2/(-24)). Calculate the greatest common factor of 11 and x.
11
Let d(s) = s**3 - 7*s**2 - 12*s - 34. Let j be d(10). Suppose 4*l - 608 = 3*f - 5*f, j = l + 2*f. What is the greatest common factor of l and 22?
22
Let h be (-3)/15 + (-1897)/(-35). Let m = h - 51. Let o be m/(-5)*(-3 - 2). Calculate the greatest common factor of o and 39.
3
Let b = -123 + 127. Let j be -4*(3 + (-8)/2). Suppose 4*a + j*l = 192 + 36, 2*a - 132 = b*l. What is the greatest common factor of 30 and a?
30
Suppose 0 = 27*i + 23 - 81 - 77. Let w = 69 - 34. What is the highest common factor of i and w?
5
Let g = -33468 + 33491. What is the highest common divisor of g and 1978?
23
Let c(p) = 19*p**2 + 3*p - 32*p**2 + 22*p**2 - p**3 - 11. Let o be c(9). Calculate the greatest common divisor of o and 176.
16
Let q(i) = -i**3 + 356*i**2 + 477*i - 42807. Let c be q(357). Suppose 0 = -2*l + 44 - 0. What is the highest common divisor of l and c?
11
Suppose c + 0*l = 4*l - 2, 30 = c + 4*l. Suppose 11*z = c*z - 507. Let u = z - 9. Calculate the greatest common divisor of u and 10.
10
Let m = -308 - -348. Suppose -38 + m = -z, 0 = 4*y + 4*z - 1900. What is the greatest common divisor of 9 and y?
9
Suppose 85*u - 16*u = -12*u + 2673. What is the highest common factor of u and 43?
1
Suppose -2*r = 61 - 171. Let d = 792 + -517. Calculate the greatest common factor of d and r.
55
Let o = -1254 + 2630. What is the highest common factor of 256 and o?
32
Let s be (-608322)/(-7150) - (-2)/(-25). What is the highest common divisor of 95 and s?
5
Suppose 31*a + 14*a - 12549 = 6531. Calculate the greatest common factor of 56 and a.
8
Let d(m) = m**3 - 8*m**2 - 37*m + 6. Let v be d(-3). What is the greatest common divisor of v and 1746?
18
Let d(t) = -t**3 - 16*t**2 + 14*t + 814. Let x be d(-26). What is the highest common divisor of 140 and x?
70
Let o(x) = x**2 - 4*x + 48. Suppose q - 2*l - 2 = 0, -3*q + 3*l + 26 = l. Let g be o(q). What is the greatest common divisor of 9 and g?
9
Let z(g) = 18*g - 12. Let u be z(14). Let v(o) = o**2 + 8*o + 25. Let d be v(0). Suppose -6*x + 65 = -d. Calculate the greatest common divisor of x and u.
15
Let x be (0 - 6)*3/(-3). Let a(g) = -g**2 + 2*g**2 + 4*g - g + 0*g**2 - 2*g**2 + 19. Let i be a(x). Calculate the highest common factor of 10 and i.
1
Let k(q) = q**2 + 3*q - 15. Suppose -17*y + 14*y - 30 = 0. Let t be k(y). Suppose 3*c + c - 44 = 0. Calculate the greatest common divisor of t 